{"id":3684,"date":"2025-09-30T06:44:22","date_gmt":"2025-09-30T06:44:22","guid":{"rendered":"http:\/\/www.sierramorena.com.pe\/altavista\/?page_id=3684"},"modified":"2025-10-31T14:05:51","modified_gmt":"2025-10-31T14:05:51","slug":"servicios","status":"publish","type":"page","link":"https:\/\/www.sierramorena.com.pe\/altavista\/servicios\/","title":{"rendered":"SERVICIOS"},"content":{"rendered":"\t\t<div data-elementor-type=\"wp-page\" data-elementor-id=\"3684\" class=\"elementor elementor-3684\">\n\t\t\t\t\t\t<section class=\"elementor-section elementor-top-section elementor-element elementor-element-5d64ef1 elementor-section-full_width elementor-section-stretched elementor-section-height-default elementor-section-height-default\" data-id=\"5d64ef1\" data-element_type=\"section\" data-e-type=\"section\" data-settings=\"{&quot;stretch_section&quot;:&quot;section-stretched&quot;}\">\n\t\t\t\t\t\t<div class=\"elementor-container elementor-column-gap-no\">\n\t\t\t\t\t<div class=\"elementor-column elementor-col-100 elementor-top-column elementor-element elementor-element-32ea0b5\" data-id=\"32ea0b5\" data-element_type=\"column\" data-e-type=\"column\">\n\t\t\t<div class=\"elementor-widget-wrap elementor-element-populated\">\n\t\t\t\t\t\t<div class=\"elementor-element elementor-element-5b53786 elementor-widget elementor-widget-faq\" data-id=\"5b53786\" data-element_type=\"widget\" data-e-type=\"widget\" data-widget_type=\"faq.default\">\n\t\t\t\t<div class=\"elementor-widget-container\">\n\t\t\t\t\t\t<!-- Star Faq\r\n    ============================================= -->\r\n    <div class=\"faq-area default-padding bg-cover\" style=\"background-image: url(http:\/\/www.sierramorena.com.pe\/altavista\/wp-content\/uploads\/2025\/10\/WhatsApp-Image-2025-10-27-at-3.17.48-PM.jpeg);\">\r\n        <div class=\"container\">\r\n            <div class=\"row\">\r\n                <div class=\"col-lg-6\">\r\n                    <div class=\"faq-style-one\">\r\n                        <div class=\"faq-content\">\r\n                            <div class=\"accordion\" id=\"accordionExample\">\r\n                            \t\r\n                                <div class=\"card\">\r\n                                    <div class=\"card-header\" id=\"headingOne\">\r\n                                        <h4 class=\"mb-0\" data-toggle=\"collapse\" data-target=\"#collapse1\" aria-expanded=\"true\" aria-controls=\"collapse1\">\r\n                                           Alquiler de  maquinarias agr\u00edcolas                                        <\/h4>\r\n                                    <\/div>\r\n\r\n                                    <div id=\"collapse1\" class=\"collapse show\" aria-labelledby=\"headingOne\" data-parent=\"#accordionExample\">\r\n                                        <div class=\"card-body\">\r\n                                            <p>Ofrecemos soluciones integrales respaldadas por maquinaria agr\u00edcola de \u00faltima generaci\u00f3n y operadores calificados, garantizando eficiencia, sostenibilidad y alto impacto para tus cultivos<\/p>                                        <\/div>\r\n                                    <\/div>\r\n                                <\/div>\r\n                            \t\r\n                                <div class=\"card\">\r\n                                    <div class=\"card-header\" id=\"headingOne\">\r\n                                        <h4 class=\"mb-0\" data-toggle=\"collapse\" data-target=\"#collapse2\" aria-expanded=\"true\" aria-controls=\"collapse2\">\r\n                                           Preparaci\u00f3n de Suelos\nde Alto Rendimiento                                        <\/h4>\r\n                                    <\/div>\r\n\r\n                                    <div id=\"collapse2\" class=\"collapse \" aria-labelledby=\"headingOne\" data-parent=\"#accordionExample\">\r\n                                        <div class=\"card-body\">\r\n                                            <p>Optimiza el rendimiento de tus terrenos con nuestros servicios de preparaci\u00f3n de suelos, dise\u00f1ados para maximizar la fertilidad y la productividad desde el inicio del ciclo agr\u00edcola.<\/p>                                        <\/div>\r\n                                    <\/div>\r\n                                <\/div>\r\n                            \t\r\n                                <div class=\"card\">\r\n                                    <div class=\"card-header\" id=\"headingOne\">\r\n                                        <h4 class=\"mb-0\" data-toggle=\"collapse\" data-target=\"#collapse3\" aria-expanded=\"true\" aria-controls=\"collapse3\">\r\n                                           Siembra, Cosecha y Venta de Productos                                        <\/h4>\r\n                                    <\/div>\r\n\r\n                                    <div id=\"collapse3\" class=\"collapse \" aria-labelledby=\"headingOne\" data-parent=\"#accordionExample\">\r\n                                        <div class=\"card-body\">\r\n                                            <p>Somos expertos en operaciones culturales agr\u00edcolas, ofreciendo soluciones especializadas en aplicaciones fitosanitarias, trituraci\u00f3n de residuos de poda y transporte de frutales. Nuestro enfoque innovador y eficiente garantiza una producci\u00f3n optimizada y cultivos m\u00e1s saludables.<\/p>                                        <\/div>\r\n                                    <\/div>\r\n                                <\/div>\r\n                                \r\n                            <\/div>\r\n                        <\/div>\r\n                    <\/div>\r\n                <\/div>\r\n            <\/div>\r\n        <\/div>\r\n    <\/div>\r\n    <!-- End Faq -->\r\n\t\t\t\t\t<\/div>\n\t\t\t\t<\/div>\n\t\t\t\t\t<\/div>\n\t\t<\/div>\n\t\t\t\t\t<\/div>\n\t\t<\/section>\n\t\t\t\t<section class=\"elementor-section elementor-top-section elementor-element elementor-element-d3b2887 elementor-section-full_width elementor-section-stretched elementor-section-height-default elementor-section-height-default\" data-id=\"d3b2887\" data-element_type=\"section\" data-e-type=\"section\" data-settings=\"{&quot;stretch_section&quot;:&quot;section-stretched&quot;}\">\n\t\t\t\t\t\t<div class=\"elementor-container elementor-column-gap-no\">\n\t\t\t\t\t<div class=\"elementor-column elementor-col-100 elementor-top-column elementor-element elementor-element-e106cf8\" data-id=\"e106cf8\" data-element_type=\"column\" data-e-type=\"column\">\n\t\t\t<div class=\"elementor-widget-wrap elementor-element-populated\">\n\t\t\t\t\t\t<section class=\"elementor-section elementor-inner-section elementor-element elementor-element-84465ae elementor-section-boxed elementor-section-height-default elementor-section-height-default\" data-id=\"84465ae\" data-element_type=\"section\" data-e-type=\"section\">\n\t\t\t\t\t\t<div class=\"elementor-container elementor-column-gap-no\">\n\t\t\t\t\t<div class=\"elementor-column elementor-col-100 elementor-inner-column elementor-element elementor-element-752021e\" data-id=\"752021e\" data-element_type=\"column\" data-e-type=\"column\">\n\t\t\t<div class=\"elementor-widget-wrap elementor-element-populated\">\n\t\t\t\t\t\t<div class=\"elementor-element elementor-element-8ee5c1e elementor-widget elementor-widget-cleanu_heading\" data-id=\"8ee5c1e\" data-element_type=\"widget\" data-e-type=\"widget\" data-widget_type=\"cleanu_heading.default\">\n\t\t\t\t<div class=\"elementor-widget-container\">\n\t\t\t\t\t\t<!-- Star Get Heading\r\n    ============================================= -->\r\n    <div class=\"container\">\r\n\t    <div class=\"row\">\r\n\t        <div class=\"col-lg-8 offset-lg-2\">\r\n\t            <div class=\"site-heading text-center\">\r\n\t            \t\t                <h4>PORQUE ELEJIRNOS!<\/h4>\r\n\t            \t\t            \t\t                <h2>Implementos Agr\u00edcolas\nde <br>\nalta calidad<\/h2>\r\n\t                \t                <div class=\"devider\"><\/div>\r\n\t                \t\t\t\t\t<p>Nuestros implementos est\u00e1n dise\u00f1ados para brindar soluciones eficientes que mejoran el rendimiento y optimizan cada etapa de su operaci\u00f3n agr\u00edcola, desde la preparaci\u00f3n del suelo hasta la cosecha.<\/p>\r\n\t                \t            <\/div>\r\n\t        <\/div>\r\n\t    <\/div>\r\n  \t<\/div>\r\n    <!-- End Get Heading -->\r\n\t\t\t\t\t<\/div>\n\t\t\t\t<\/div>\n\t\t\t\t\t<\/div>\n\t\t<\/div>\n\t\t\t\t\t<\/div>\n\t\t<\/section>\n\t\t\t\t\t<\/div>\n\t\t<\/div>\n\t\t\t\t\t<\/div>\n\t\t<\/section>\n\t\t\t\t<\/div>\n\t\t","protected":false},"excerpt":{"rendered":"<p>Alquiler de maquinarias agr\u00edcolas Ofrecemos soluciones integrales respaldadas por maquinaria agr\u00edcola de \u00faltima generaci\u00f3n y operadores calificados, garantizando eficiencia, sostenibilidad y alto impacto para tus cultivos Preparaci\u00f3n de Suelos de Alto Rendimiento Optimiza el rendimiento de tus terrenos con nuestros servicios de preparaci\u00f3n de suelos, dise\u00f1ados para maximizar la fertilidad y la productividad desde el [&hellip;]<\/p>\n","protected":false},"author":1,"featured_media":0,"parent":0,"menu_order":0,"comment_status":"closed","ping_status":"closed","template":"elementor_header_footer","meta":{"footnotes":""},"class_list":["post-3684","page","type-page","status-publish","hentry"],"_links":{"self":[{"href":"https:\/\/www.sierramorena.com.pe\/altavista\/wp-json\/wp\/v2\/pages\/3684","targetHints":{"allow":["GET"]}}],"collection":[{"href":"https:\/\/www.sierramorena.com.pe\/altavista\/wp-json\/wp\/v2\/pages"}],"about":[{"href":"https:\/\/www.sierramorena.com.pe\/altavista\/wp-json\/wp\/v2\/types\/page"}],"author":[{"embeddable":true,"href":"https:\/\/www.sierramorena.com.pe\/altavista\/wp-json\/wp\/v2\/users\/1"}],"replies":[{"embeddable":true,"href":"https:\/\/www.sierramorena.com.pe\/altavista\/wp-json\/wp\/v2\/comments?post=3684"}],"version-history":[{"count":49,"href":"https:\/\/www.sierramorena.com.pe\/altavista\/wp-json\/wp\/v2\/pages\/3684\/revisions"}],"predecessor-version":[{"id":4070,"href":"https:\/\/www.sierramorena.com.pe\/altavista\/wp-json\/wp\/v2\/pages\/3684\/revisions\/4070"}],"wp:attachment":[{"href":"https:\/\/www.sierramorena.com.pe\/altavista\/wp-json\/wp\/v2\/media?parent=3684"}],"curies":[{"name":"wp","href":"https:\/\/api.w.org\/{rel}","templated":true}]}}